{"id":331,"date":"2013-06-19T20:22:13","date_gmt":"2013-06-20T02:22:13","guid":{"rendered":"http:\/\/solucionesefectivasgt.com\/?post_type=product&#038;p=331"},"modified":"2024-09-27T10:56:34","modified_gmt":"2024-09-27T16:56:34","slug":"dispensador-fusion","status":"publish","type":"product","link":"https:\/\/solucionesefectivasgt.com\/?product=dispensador-fusion","title":{"rendered":"Dispensador para toalla interfoliada maxi Tork"},"content":{"rendered":"<p>El dispensador Tork Xpress\u00ae Toalla Interfoliada Maxi de la l\u00ednea Elevation es ideal para ba\u00f1os de alto tr\u00e1fico.<\/p>\n<p>Dise\u00f1o moderno y elegante.<\/p>\n<p>&nbsp;<\/p>\n","protected":false},"excerpt":{"rendered":"<p>Material: Plastico<\/p>\n<p>Medidas:<\/p>\n<p>Altura:\u00c2\u00a0 \u00c2\u00a0 \u00c2\u00a0 \u00c2\u00a0 \u00c2\u00a0 \u00c2\u00a0 44.4 cms<\/p>\n<p>Ancho:\u00c2\u00a0 \u00c2\u00a0 \u00c2\u00a0 \u00c2\u00a0 \u00c2\u00a0 \u00c2\u00a0 30.2 cms<\/p>\n<p>Profundidad: 10.2 cms<\/p>\n<p>Capacidad: 2.5 paquetes<\/p>\n<p>&nbsp;<\/p>\n","protected":false},"featured_media":1498,"comment_status":"closed","ping_status":"closed","template":"","meta":[],"product_cat":[83,32],"product_tag":[64,52,63],"class_list":{"0":"post-331","1":"product","2":"type-product","3":"status-publish","4":"has-post-thumbnail","6":"product_cat-tork","7":"product_cat-dispensadores-de-toalla-interfoliada","8":"product_tag-clinicas","9":"product_tag-educacion-2","10":"product_tag-oficinas","12":"first","13":"outofstock","14":"shipping-taxable","15":"purchasable","16":"product-type-simple"},"_links":{"self":[{"href":"https:\/\/solucionesefectivasgt.com\/index.php?rest_route=\/wp\/v2\/product\/331","targetHints":{"allow":["GET"]}}],"collection":[{"href":"https:\/\/solucionesefectivasgt.com\/index.php?rest_route=\/wp\/v2\/product"}],"about":[{"href":"https:\/\/solucionesefectivasgt.com\/index.php?rest_route=\/wp\/v2\/types\/product"}],"replies":[{"embeddable":true,"href":"https:\/\/solucionesefectivasgt.com\/index.php?rest_route=%2Fwp%2Fv2%2Fcomments&post=331"}],"wp:featuredmedia":[{"embeddable":true,"href":"https:\/\/solucionesefectivasgt.com\/index.php?rest_route=\/wp\/v2\/media\/1498"}],"wp:attachment":[{"href":"https:\/\/solucionesefectivasgt.com\/index.php?rest_route=%2Fwp%2Fv2%2Fmedia&parent=331"}],"wp:term":[{"taxonomy":"product_cat","embeddable":true,"href":"https:\/\/solucionesefectivasgt.com\/index.php?rest_route=%2Fwp%2Fv2%2Fproduct_cat&post=331"},{"taxonomy":"product_tag","embeddable":true,"href":"https:\/\/solucionesefectivasgt.com\/index.php?rest_route=%2Fwp%2Fv2%2Fproduct_tag&post=331"}],"curies":[{"name":"wp","href":"https:\/\/api.w.org\/{rel}","templated":true}]}}