{"id":2487,"date":"2022-07-19T20:09:18","date_gmt":"2022-07-20T02:09:18","guid":{"rendered":"https:\/\/solucionesefectivasgt.com\/?post_type=product&#038;p=2487"},"modified":"2024-09-27T13:22:51","modified_gmt":"2024-09-27T19:22:51","slug":"angel-soft-professional-series-premium-panuelos-faciales","status":"publish","type":"product","link":"https:\/\/solucionesefectivasgt.com\/?product=angel-soft-professional-series-premium-panuelos-faciales","title":{"rendered":"ANGEL SOFT PROFESSIONAL SERIES\u00ae PREMIUM PA\u00d1UELOS FACIALES"},"content":{"rendered":"<p>Angel Soft Professional Series\u00ae Premium 2-Ply Facial Tissue ofrece el lujo de la suavidad y la apariencia del hogar y la garant\u00eda de una marca de calidad reconocida a nivel nacional de papel tiza suave en una conveniente caja de pa\u00f1uelos plana. Los pa\u00f1uelos de papel Angel Soft Professional Series\u00ae brindan una apariencia y suavidad premium para los clientes comerciales y empleados m\u00e1s exigentes. Ya sea que administre un centro de atenci\u00f3n m\u00e9dica, una propiedad hotelera, un restaurante o un edificio de oficinas de lujo, desea causar una impresi\u00f3n positiva en sus invitados, clientes o inquilinos en todo momento. Una de las formas m\u00e1s sencillas e infalibles de impresionar a la gente a un costo m\u00ednimo es ofrecer a sus clientes marcas conocidas y de calidad para usar en sus instalaciones, como una caja de pa\u00f1uelos Angel Soft Professional Series\u00ae.<\/p>\n<p>.<img loading=\"lazy\" decoding=\"async\" class=\"\" src=\"https:\/\/d3f8e2yx8gxglk.cloudfront.net\/adaptivemedia\/rendition?id=e98f687312478b5fd780536f92f2b0b6fbd00201\" alt=\"ELEMENTOS\" width=\"50\" height=\"50\" \/><img loading=\"lazy\" decoding=\"async\" class=\"\" src=\"https:\/\/d3f8e2yx8gxglk.cloudfront.net\/adaptivemedia\/rendition?id=377f525f6dccc5d4cba90e3ed799d682d1feee1b\" alt=\"SFI\" width=\"70\" height=\"39\" \/><img loading=\"lazy\" decoding=\"async\" class=\"\" src=\"https:\/\/d3f8e2yx8gxglk.cloudfront.net\/adaptivemedia\/rendition?id=e2179a9e91d21c610491c60a1310d61955a8eaef\" alt=\"EPA\" width=\"46\" height=\"46\" \/><img loading=\"lazy\" decoding=\"async\" class=\"\" src=\"https:\/\/d3f8e2yx8gxglk.cloudfront.net\/adaptivemedia\/rendition?id=b58664ccfbaa03f40d971bd827965ebbf74acc9f\" alt=\"USGBC_LEED\" width=\"43\" height=\"43\" \/><\/p>\n<p>&nbsp;<\/p>\n<ul class=\"product-details-tab__toprightcontent px-xs-3 py-xs-1\">\n<li>Pa\u00f1uelo facial de 2 capas de CALIDAD PREMIUM que es ideal para oficinas, hoteles e instalaciones m\u00e9dicas preocupadas por la imagen<\/li>\n<li>MARCA DE CONFIANZA reconocida y amada por sus inquilinos, invitados y clientes<\/li>\n<li>DESIGNER FLAT BOX combina con el papel higi\u00e9nico Angel Soft Professional Series\u00ae<\/li>\n<li>LAS HOJAS INDICADORAS DE COLOR le avisan cuando la caja est\u00e1 casi vac\u00eda<\/li>\n<li>Contiene al menos un 10% de fibra reciclada posconsumo. Cumple o supera las adquisiciones integrales de la EPA<\/li>\n<li>La etiqueta de abastecimiento certificado de Sustainable Forestry Initiative\u00ae es una prueba de que Georgia-Pacific est\u00e1 utilizando fibra de fuentes responsables y legales.\u00a0 SFI\u00ae es una marca registrada propiedad de Sustainable Forestry Initiative, Inc. www.sfiprogram.org.<\/li>\n<li>Cumple con la EPA Contiene un m\u00ednimo de 10 % de fibra reciclada posconsumo. Cumple o supera las pautas integrales de adquisiciones de la EPA<\/li>\n<\/ul>\n","protected":false},"excerpt":{"rendered":"<p>Angel Soft, Pa\u00c3\u00b1uelos faciales<\/p>\n<p>30&#215;100 doble hoja<\/p>\n","protected":false},"featured_media":2489,"comment_status":"closed","ping_status":"closed","template":"","meta":[],"product_cat":[84,28],"product_tag":[64,62,63,77],"class_list":{"0":"post-2487","1":"product","2":"type-product","3":"status-publish","4":"has-post-thumbnail","6":"product_cat-georgia-pacific","7":"product_cat-panuelos-faciales","8":"product_tag-clinicas","9":"product_tag-hoteles","10":"product_tag-oficinas","11":"product_tag-spas","13":"first","14":"instock","15":"shipping-taxable","16":"purchasable","17":"product-type-simple"},"_links":{"self":[{"href":"https:\/\/solucionesefectivasgt.com\/index.php?rest_route=\/wp\/v2\/product\/2487","targetHints":{"allow":["GET"]}}],"collection":[{"href":"https:\/\/solucionesefectivasgt.com\/index.php?rest_route=\/wp\/v2\/product"}],"about":[{"href":"https:\/\/solucionesefectivasgt.com\/index.php?rest_route=\/wp\/v2\/types\/product"}],"replies":[{"embeddable":true,"href":"https:\/\/solucionesefectivasgt.com\/index.php?rest_route=%2Fwp%2Fv2%2Fcomments&post=2487"}],"wp:featuredmedia":[{"embeddable":true,"href":"https:\/\/solucionesefectivasgt.com\/index.php?rest_route=\/wp\/v2\/media\/2489"}],"wp:attachment":[{"href":"https:\/\/solucionesefectivasgt.com\/index.php?rest_route=%2Fwp%2Fv2%2Fmedia&parent=2487"}],"wp:term":[{"taxonomy":"product_cat","embeddable":true,"href":"https:\/\/solucionesefectivasgt.com\/index.php?rest_route=%2Fwp%2Fv2%2Fproduct_cat&post=2487"},{"taxonomy":"product_tag","embeddable":true,"href":"https:\/\/solucionesefectivasgt.com\/index.php?rest_route=%2Fwp%2Fv2%2Fproduct_tag&post=2487"}],"curies":[{"name":"wp","href":"https:\/\/api.w.org\/{rel}","templated":true}]}}