{"id":2345,"date":"2021-11-24T21:34:20","date_gmt":"2021-11-25T03:34:20","guid":{"rendered":"https:\/\/solucionesefectivasgt.com\/?post_type=product&#038;p=2345"},"modified":"2025-01-27T07:32:12","modified_gmt":"2025-01-27T13:32:12","slug":"safegreen-hands-505ml","status":"publish","type":"product","link":"https:\/\/solucionesefectivasgt.com\/?product=safegreen-hands-505ml","title":{"rendered":"SAFEGREEN HANDS 505ml"},"content":{"rendered":"<ul>\n<li><strong>SAFEGREEN HANDS<\/strong> es un poderoso desengrasante y limpiador para manos fabricado con compuestos naturales y que no contiene solventes derivados del petr\u00f3leo. Contiene d-limoneno, un compuesto derivado de la naranja, y no tiene fragancias artificiales. Est\u00e1 mejorado con un abrasivo de origen mineral natural, muy fino y suave con las manos.\n<ul>\n<li>Poderoso desengrasante para manos.<\/li>\n<li>Contiene emolientes y humectantes.<\/li>\n<li>Con extractos c\u00edtricos naturales.<\/li>\n<li>Remueve f\u00e1cilmente y r\u00e1pidamente toda contaminaci\u00f3n y residuos.<\/li>\n<li>No reseca la piel.<\/li>\n<li>No contiene solventes t\u00f3xicos.<\/li>\n<li>Vers\u00e1til para todo tipo de trabajo.<\/li>\n<li>Excelente contra grasas, aceites y tintas.<\/li>\n<\/ul>\n<\/li>\n<\/ul>\n<p><a href=\"https:\/\/solucionesefectivasgt.com\/wp-content\/uploads\/2021\/11\/SAFEGREEN-HANDS-TECH-1.pdf\"><span style=\"color: #0000ff;\"><em><strong>SDS<\/strong><\/em><\/span><\/a><\/p>\n<p>&nbsp;<\/p>\n","protected":false},"excerpt":{"rendered":"<p>Desengrasante para manos<\/p>\n<p>presentacion: 505ml<\/p>\n","protected":false},"featured_media":2341,"comment_status":"closed","ping_status":"closed","template":"","meta":[],"product_cat":[27],"product_tag":[52,62,63],"class_list":{"0":"post-2345","1":"product","2":"type-product","3":"status-publish","4":"has-post-thumbnail","6":"product_cat-desengrasantes","7":"product_tag-educacion-2","8":"product_tag-hoteles","9":"product_tag-oficinas","11":"first","12":"instock","13":"shipping-taxable","14":"purchasable","15":"product-type-simple"},"_links":{"self":[{"href":"https:\/\/solucionesefectivasgt.com\/index.php?rest_route=\/wp\/v2\/product\/2345","targetHints":{"allow":["GET"]}}],"collection":[{"href":"https:\/\/solucionesefectivasgt.com\/index.php?rest_route=\/wp\/v2\/product"}],"about":[{"href":"https:\/\/solucionesefectivasgt.com\/index.php?rest_route=\/wp\/v2\/types\/product"}],"replies":[{"embeddable":true,"href":"https:\/\/solucionesefectivasgt.com\/index.php?rest_route=%2Fwp%2Fv2%2Fcomments&post=2345"}],"wp:featuredmedia":[{"embeddable":true,"href":"https:\/\/solucionesefectivasgt.com\/index.php?rest_route=\/wp\/v2\/media\/2341"}],"wp:attachment":[{"href":"https:\/\/solucionesefectivasgt.com\/index.php?rest_route=%2Fwp%2Fv2%2Fmedia&parent=2345"}],"wp:term":[{"taxonomy":"product_cat","embeddable":true,"href":"https:\/\/solucionesefectivasgt.com\/index.php?rest_route=%2Fwp%2Fv2%2Fproduct_cat&post=2345"},{"taxonomy":"product_tag","embeddable":true,"href":"https:\/\/solucionesefectivasgt.com\/index.php?rest_route=%2Fwp%2Fv2%2Fproduct_tag&post=2345"}],"curies":[{"name":"wp","href":"https:\/\/api.w.org\/{rel}","templated":true}]}}