{"id":1494,"date":"2020-04-30T19:15:27","date_gmt":"2020-05-01T01:15:27","guid":{"rendered":"http:\/\/solucionesefectivasgt.com\/?post_type=product&#038;p=1494"},"modified":"2025-03-06T08:55:47","modified_gmt":"2025-03-06T14:55:47","slug":"purell-dispensador-de-sanitizante-de-manos-sistema-es8","status":"publish","type":"product","link":"https:\/\/solucionesefectivasgt.com\/?product=purell-dispensador-de-sanitizante-de-manos-sistema-es8","title":{"rendered":"Purell, Dispensador de sanitizante de manos, sistema ES8"},"content":{"rendered":"<p><strong>Dispensador de sanitizante para manos sin contacto, siempre listo, con energ\u00ed\u00ada en la recarga.<\/strong><\/p>\n<ul>\n<li>Cada nueva recarga viene con su propia fuente de energ\u00eda: una bater\u00ed\u00ada de tipo bot\u00f3n integrada en la recarga.<\/li>\n<li>Dise\u00f1o elegante complementa la decoraci\u00f3n.<\/li>\n<li>Los repuestos AT-A-GLANCE &#x2122; brindan la forma m\u00e1s f\u00e1cil de ver cuando es necesario cambiar los repuestos<\/li>\n<li>Utiliza recambios de desinfectante de manos PURELL\u00ae ES8 de 1200 ml<\/li>\n<li>El dispensador y la formulaci\u00f3n est\u00e1n calibrados para proporcionar la dosis \u00f3ptima para una higiene de manos efectiva<\/li>\n<li>Botella de recarga de PET SANITARY SEALED &#x2122; con collar desprendible para facilitar el reciclaje<\/li>\n<li>Tecnolog\u00eda LOCK OR NOT &#x2122;: puede convertirse en un sistema de bloqueo<\/li>\n<li>Totalmente compatible con ADA<\/li>\n<li>Fiabilidad garantizada<\/li>\n<\/ul>\n","protected":false},"excerpt":{"rendered":"<h3>Dispensador sin contacto<\/h3>\n","protected":false},"featured_media":1490,"comment_status":"closed","ping_status":"closed","template":"","meta":[],"product_cat":[82,22,19],"product_tag":[53,55,64,62,63,61],"class_list":{"0":"post-1494","1":"product","2":"type-product","3":"status-publish","4":"has-post-thumbnail","6":"product_cat-purell","7":"product_cat-dispensadores-de-jabon","8":"product_cat-sanitizantes","9":"product_tag-centros-de-eventos","10":"product_tag-centros-de-salud-2","11":"product_tag-clinicas","12":"product_tag-hoteles","13":"product_tag-oficinas","14":"product_tag-restaurantes","16":"first","17":"instock","18":"shipping-taxable","19":"purchasable","20":"product-type-simple"},"_links":{"self":[{"href":"https:\/\/solucionesefectivasgt.com\/index.php?rest_route=\/wp\/v2\/product\/1494","targetHints":{"allow":["GET"]}}],"collection":[{"href":"https:\/\/solucionesefectivasgt.com\/index.php?rest_route=\/wp\/v2\/product"}],"about":[{"href":"https:\/\/solucionesefectivasgt.com\/index.php?rest_route=\/wp\/v2\/types\/product"}],"replies":[{"embeddable":true,"href":"https:\/\/solucionesefectivasgt.com\/index.php?rest_route=%2Fwp%2Fv2%2Fcomments&post=1494"}],"wp:featuredmedia":[{"embeddable":true,"href":"https:\/\/solucionesefectivasgt.com\/index.php?rest_route=\/wp\/v2\/media\/1490"}],"wp:attachment":[{"href":"https:\/\/solucionesefectivasgt.com\/index.php?rest_route=%2Fwp%2Fv2%2Fmedia&parent=1494"}],"wp:term":[{"taxonomy":"product_cat","embeddable":true,"href":"https:\/\/solucionesefectivasgt.com\/index.php?rest_route=%2Fwp%2Fv2%2Fproduct_cat&post=1494"},{"taxonomy":"product_tag","embeddable":true,"href":"https:\/\/solucionesefectivasgt.com\/index.php?rest_route=%2Fwp%2Fv2%2Fproduct_tag&post=1494"}],"curies":[{"name":"wp","href":"https:\/\/api.w.org\/{rel}","templated":true}]}}