{"id":1043,"date":"2018-08-13T19:08:55","date_gmt":"2018-08-14T01:08:55","guid":{"rendered":"http:\/\/solucionesefectivasgt.com\/?post_type=product&#038;p=1043"},"modified":"2024-09-27T12:55:01","modified_gmt":"2024-09-27T18:55:01","slug":"super-concentrated-glass-hard-surface-cleaner-3","status":"publish","type":"product","link":"https:\/\/solucionesefectivasgt.com\/?product=super-concentrated-glass-hard-surface-cleaner-3","title":{"rendered":"Super Concentrated Glass &#038; Hard Surface Cleaner 3"},"content":{"rendered":"<p>Una formula altamente diluible, dise\u00f1ado para limpiar vidrios y otras superficies duras de forma r\u00e1pida y con un m\u00ednimo esfuerzo.<\/p>\n<p>No contiene amoniaco. este producto penetra y elimina huellas dactilares, no deja rayas y es de secado r\u00e1pido.<\/p>\n<p>LUGARES DONDE PUEDE SER UTILIZADO<\/p>\n<ul>\n<li>ventanas<\/li>\n<li>espejos<\/li>\n<li>pantallas de televisi\u00f3n<\/li>\n<li>vidrios de autom\u00f3viles<\/li>\n<li>tops de cocina<\/li>\n<li>acabados de cromo<\/li>\n<\/ul>\n<p><strong>NOTA: no lo utilice en madera, no mezclar con otros productos qu\u00edmicos.<\/strong><\/p>\n<p><a href=\"https:\/\/solucionesefectivasgt.com\/wp-content\/uploads\/2015\/12\/Super-Concentrated-Glass-Hard-Surface-Cleaner-3.pdf\"><strong>MSDS<\/strong><\/a><\/p>\n<div><\/div>\n","protected":false},"excerpt":{"rendered":"<p>Limpiador de vidrios y superficies<\/p>\n<p>PRESENTACION<\/p>\n<p>2 Litros<\/p>\n","protected":false},"featured_media":1068,"comment_status":"closed","ping_status":"closed","template":"","meta":[],"product_cat":[65,31],"product_tag":[53,55,64,52,62,63,61],"class_list":{"0":"post-1043","1":"product","2":"type-product","3":"status-publish","4":"has-post-thumbnail","6":"product_cat-clean-on-the-go","7":"product_cat-multipropositos","8":"product_tag-centros-de-eventos","9":"product_tag-centros-de-salud-2","10":"product_tag-clinicas","11":"product_tag-educacion-2","12":"product_tag-hoteles","13":"product_tag-oficinas","14":"product_tag-restaurantes","16":"first","17":"instock","18":"shipping-taxable","19":"purchasable","20":"product-type-simple"},"_links":{"self":[{"href":"https:\/\/solucionesefectivasgt.com\/index.php?rest_route=\/wp\/v2\/product\/1043","targetHints":{"allow":["GET"]}}],"collection":[{"href":"https:\/\/solucionesefectivasgt.com\/index.php?rest_route=\/wp\/v2\/product"}],"about":[{"href":"https:\/\/solucionesefectivasgt.com\/index.php?rest_route=\/wp\/v2\/types\/product"}],"replies":[{"embeddable":true,"href":"https:\/\/solucionesefectivasgt.com\/index.php?rest_route=%2Fwp%2Fv2%2Fcomments&post=1043"}],"wp:featuredmedia":[{"embeddable":true,"href":"https:\/\/solucionesefectivasgt.com\/index.php?rest_route=\/wp\/v2\/media\/1068"}],"wp:attachment":[{"href":"https:\/\/solucionesefectivasgt.com\/index.php?rest_route=%2Fwp%2Fv2%2Fmedia&parent=1043"}],"wp:term":[{"taxonomy":"product_cat","embeddable":true,"href":"https:\/\/solucionesefectivasgt.com\/index.php?rest_route=%2Fwp%2Fv2%2Fproduct_cat&post=1043"},{"taxonomy":"product_tag","embeddable":true,"href":"https:\/\/solucionesefectivasgt.com\/index.php?rest_route=%2Fwp%2Fv2%2Fproduct_tag&post=1043"}],"curies":[{"name":"wp","href":"https:\/\/api.w.org\/{rel}","templated":true}]}}