{"id":1042,"date":"2016-01-11T16:46:44","date_gmt":"2016-01-11T22:46:44","guid":{"rendered":"http:\/\/solucionesefectivasgt.com\/?post_type=product&#038;p=1042"},"modified":"2026-04-25T13:06:44","modified_gmt":"2026-04-25T19:06:44","slug":"nabc-concentrate-1","status":"publish","type":"product","link":"https:\/\/solucionesefectivasgt.com\/?product=nabc-concentrate-1","title":{"rendered":"NABC Concentrate 1"},"content":{"rendered":"<p>NABC Conc\u00e9ntrate es un limpiador &#8211; desinfectante concentrado, dise\u00f1ado espec\u00edficamente para la limpieza y desinfecci\u00f3n de inodoros , lavamanos, urinales y otras superficies de los ba\u00f1os.<\/p>\n<p>NABC es un producto NO ACIDO, NO ALCALINO, NO CAUSTICO, NO ABRASIVO. No da\u00f1a las tuber\u00edas o tanques s\u00e9pticos.<\/p>\n<p>NABC es un excelente limpiador &#8211; desinfectante para trapear los pisos de los ba\u00f1os, tambi\u00e9n puede utilizarlo en accesorios de cromo.<\/p>\n<p>&nbsp;<\/p>\n<p><strong>MSDS<\/strong><\/p>\n","protected":false},"excerpt":{"rendered":"<p>Limpiador &#8211; Desinfectante para ba\u00c3?os.<\/p>\n<p>No Abrasivo, No Alcalino, No Acido.<\/p>\n<p>PRESENTACION<\/p>\n<p>2 Litros<\/p>\n","protected":false},"featured_media":1062,"comment_status":"closed","ping_status":"closed","template":"","meta":[],"product_cat":[65,29,24],"product_tag":[53,55,64,52,62,63,61],"class_list":{"0":"post-1042","1":"product","2":"type-product","3":"status-publish","4":"has-post-thumbnail","6":"product_cat-clean-on-the-go","7":"product_cat-desinfectantes","8":"product_cat-eliminador-de-malos-olores","9":"product_tag-centros-de-eventos","10":"product_tag-centros-de-salud-2","11":"product_tag-clinicas","12":"product_tag-educacion-2","13":"product_tag-hoteles","14":"product_tag-oficinas","15":"product_tag-restaurantes","17":"first","18":"outofstock","19":"shipping-taxable","20":"purchasable","21":"product-type-simple"},"_links":{"self":[{"href":"https:\/\/solucionesefectivasgt.com\/index.php?rest_route=\/wp\/v2\/product\/1042","targetHints":{"allow":["GET"]}}],"collection":[{"href":"https:\/\/solucionesefectivasgt.com\/index.php?rest_route=\/wp\/v2\/product"}],"about":[{"href":"https:\/\/solucionesefectivasgt.com\/index.php?rest_route=\/wp\/v2\/types\/product"}],"replies":[{"embeddable":true,"href":"https:\/\/solucionesefectivasgt.com\/index.php?rest_route=%2Fwp%2Fv2%2Fcomments&post=1042"}],"wp:featuredmedia":[{"embeddable":true,"href":"https:\/\/solucionesefectivasgt.com\/index.php?rest_route=\/wp\/v2\/media\/1062"}],"wp:attachment":[{"href":"https:\/\/solucionesefectivasgt.com\/index.php?rest_route=%2Fwp%2Fv2%2Fmedia&parent=1042"}],"wp:term":[{"taxonomy":"product_cat","embeddable":true,"href":"https:\/\/solucionesefectivasgt.com\/index.php?rest_route=%2Fwp%2Fv2%2Fproduct_cat&post=1042"},{"taxonomy":"product_tag","embeddable":true,"href":"https:\/\/solucionesefectivasgt.com\/index.php?rest_route=%2Fwp%2Fv2%2Fproduct_tag&post=1042"}],"curies":[{"name":"wp","href":"https:\/\/api.w.org\/{rel}","templated":true}]}}